m + 14, -j = 2*m - 13. Let y = j + 12. What is the greatest common factor of y and 30?
15
Let g be (48/(-9))/(1/(-3)). Let t = 80 + g. What is the highest common factor of 12 and t?
12
Let n(i) = i**2 - 2*i + 2. Let w be n(-3). Calculate the highest common factor of w and 17.
17
Suppose -3*v = 3*z, 0*v - 4*v = 5*z - 3. What is the highest common divisor of z and 3?
3
Suppose -8*f + 3*f = -220. Let q be (-1208)/(-11) + 6/33. Calculate the highest common divisor of f and q.
22
Let g = -4 + 4. Suppose -2*f - 3*p - 13 = g, 2*f = 4*f + p + 3. What is the highest common factor of f and 8?
1
Suppose -d + 2 + 31 = 0. Let j be 2*d/(-6)*-1. What is the highest common factor of j and 99?
11
Suppose -4*d + 19 = -1. What is the greatest common divisor of 2 and d?
1
Suppose y - 2 - 3 = 0. Suppose -12 = -4*x + 4*i - 36, -y*x + 2 = 3*i. Let h = x + 6. What is the greatest common factor of h and 4?
4
Let p = 3 - -3. Let g(q) = -q + 9. Let b be g(p). Calculate the greatest common divisor of 9 and b.
3
Let s(y) = y**2 - 2*y + 2. Suppose 8 + 0 = 5*p + 3*w, 0 = -5*p - w + 16. Let l be s(p). Suppose -37 = -2*n + 43. What is the highest common factor of n and l?
10
Let x be -2 - (-2 + 49*-2). What is the greatest common factor of 14 and x?
14
Let u be (33/2)/3 - 1/(-2). What is the highest common divisor of u and 4?
2
Let z = 2 - -4. Suppose 4 + 2 = v. Calculate the greatest common factor of v and z.
6
Let r(m) = m**2 - 8*m + 3. Let y be r(8). Suppose -x + 5*l + 55 = 0, 4*l = 2*x + 6*l - 50. What is the highest common divisor of x and y?
3
Suppose 0 = 5*k + 4*v - 120, 0*k - 2*v = -k + 24. What is the highest common factor of k and 120?
24
Let h be (-4)/(-4) + (0 - 2). Let m(t) = 21*t**2 + t. Let w be m(h). Let i = -6 + w. What is the greatest common divisor of 7 and i?
7
Suppose 0 = -12*y + 1701 + 219. What is the highest common divisor of y and 10?
10
Let c(p) = -10*p + 2. Let o be c(-7). Let n(j) be the first derivative of 3*j**2/2 + 3*j - 4. Let b be n(3). What is the greatest common divisor of b and o?
12
Let j be 2/3 + (-223)/(-3). Suppose 3*u - 78 = -2*l - 3*l, -5*u = -4*l + 55. Calculate the greatest common divisor of j and l.
15
Suppose 4*q = -q. Suppose -4*c - 13 + 61 = q. Let z(y) = 2*y**2 - 2*y - 4. Let r be z(3). What is the highest common factor of c and r?
4
Let k be (14 + 7)*4/6. Suppose -3*o = -4*j - 92, -2*j - 13 = 4*o - 121. Calculate the greatest common factor of o and k.
14
Let v be 48/2 + 2 + -1. Let g be (-81)/(-18)*(-40)/(-18). Calculate the greatest common factor of g and v.
5
Suppose 11*t - 6*t = 660. What is the highest common factor of t and 22?
22
Let j = -291 + 483. Suppose q - j = -2*q. Calculate the highest common divisor of 16 and q.
16
Let r(z) = 2*z + 135. Let v be r(0). Calculate the greatest common factor of v and 15.
15
Let u = 5 + -2. Suppose -u*z + 9 = -2*z. Suppose -5*p + z = x, -4*x - p - 4*p = -51. Calculate the greatest common factor of 154 and x.
14
Suppose -1 + 7 = 3*m. Suppose -3*n + 170 = m*n. Let c be (-51)/1*(-1)/3. What is the highest common divisor of c and n?
17
Suppose -20 - 70 = -10*m. Let w = -6 - -10. Suppose -5*i = -w*u + 21 - 58, i + 5*u = 19. Calculate the greatest common divisor of i and m.
9
Let u = 12 - 6. Let h = u + -4. Let j be h/3 - (-2)/6. Calculate the greatest common divisor of j and 4.
1
Let f = -2 - -6. Suppose -5*k + 20 = f*s - 40, -4*k = 0. Calculate the highest common factor of 105 and s.
15
Let s = -31 - -55. Let n be 1/3*s/8. Calculate the highest common divisor of 9 and n.
1
Let c be (-2)/10 - 93/(-15). Let s be 2 - (23*-2 - 0). Calculate the greatest common factor of s and c.
6
Let y(z) = 1 - 16*z + 1 + 14*z. Let k be y(-3). What is the greatest common factor of 88 and k?
8
Suppose -250 = -10*h + 5*h. Let b = 44 - 19. Calculate the highest common factor of h and b.
25
Let h = -5 + 20. Suppose 5*v - h = -n - 6, 2*v = 0. Calculate the greatest common divisor of n and 9.
9
Let x = -6 + -4. Let t = x - -19. Suppose 3*u - 30 = -l, -5*l - 3*u = u - 172. Calculate the highest common divisor of l and t.
9
Let j = 17 - 8. What is the greatest common factor of j and 63?
9
Let q be 48/27 + (-8)/(-36). Let g be ((-10)/(-15))/(q/1596). Suppose 4*o = -5*s - 76 + g, 2*s - 196 = -5*o. Calculate the highest common factor of s and 11.
11
Suppose 0 = 41*t - 37*t - 264. What is the greatest common divisor of t and 594?
66
Let f be (-14)/(-1) - (-2 - -4). Suppose -2*d - 3*n + 1 = -206, -3*n + 315 = 3*d. Calculate the highest common divisor of f and d.
12
Let x(y) = 8*y**2 - 9*y + 7. Suppose 2*b - 4*b - 1 = 3*l, 23 = 4*b + l. Let w be x(b). Suppose -w = -c - 2*c. What is the highest common divisor of 14 and c?
14
Suppose -2*y + 5 = 3*y. What is the highest common factor of 2 and y?
1
Let z be (10*1)/(9/18). What is the highest common divisor of z and 20?
20
Suppose 3*m - 36 = -0. Let k = 141 + -57. Calculate the greatest common factor of m and k.
12
Let q = -10 + 20. Suppose -2*g - 4 = 2*x, x = -0*x + 3*g + 18. Let w(h) = 23*h + 1. Let k be w(x). Calculate the greatest common factor of q and k.
10
Suppose 10 = 4*s + 5*v - 22, 2*s = 4*v + 16. Suppose -h + 3*k + 13 = h, 4*k + 12 = 0. Suppose -2 = -2*w + h. What is the highest common divisor of s and w?
2
Let m be 1/1 + (-22)/(-2). What is the greatest common divisor of 6 and m?
6
Suppose -s = -4*d - 1, 5*d + 3*s - 3 = -0*d. Suppose d = -3*v + 1 + 161. What is the highest common factor of 18 and v?
18
Let y be ((-22)/8)/((-2)/40). Let q(j) be the third derivative of -j**4/24 + 11*j**3/6 + j**2. Let o be q(6). What is the highest common divisor of y and o?
5
Let o be (-32)/6*(-99)/(-6). Let m be (-16)/o + 502/22. What is the greatest common divisor of 69 and m?
23
Let b(t) = 5*t - 8. Let w be b(5). Calculate the greatest common factor of w and 153.
17
Let t = 13 - 0. What is the greatest common factor of t and 91?
13
Let j be (-11)/77 - 1/((-14)/352). Calculate the greatest common divisor of 5 and j.
5
Let w(v) = 2*v + 17. Let t be w(14). Calculate the highest common divisor of 75 and t.
15
Suppose 3*n - 8 = 3*z - 47, 0 = -3*n - z - 23. Let u be 8/(-36) + 34/n. Let k be 1/(-4) + (-73)/u. Calculate the greatest common divisor of 2 and k.
2
Let u = 130 + 150. Suppose 3*x + x = u. What is the highest common divisor of 14 and x?
14
Suppose -4*b - 8 = 4*m, 2*m + 6 = -2*m - 3*b. Let n = 18 + m. Let k(r) = -r + 3. Let c be k(-3). Calculate the greatest common factor of c and n.
6
Let f(t) = -3*t + 9*t**2 + 11*t - t**3 + 4 - 4*t**2. Let y be f(6). What is the highest common factor of y and 4?
4
Let p = 36 + -26. Suppose -31 = -c - p. Suppose -2*h = -3*h + 7. Calculate the highest common divisor of c and h.
7
Let y be (8/20)/(3/(-255)). Let v = 46 - y. Calculate the greatest common factor of v and 32.
16
Suppose -5*m - 5*l + 0*l + 40 = 0, 26 = 5*m - 2*l. Let d = m + 14. Calculate the greatest common factor of d and 30.
10
Suppose -3*m - 7 - 2 = 0. Let d(t) = 3*t**2 - 2*t + 2. Let h be d(m). Let k = 1257 + -1250. What is the greatest common factor of k and h?
7
Suppose -1 = -5*u + 59. Let q be (66/4)/(u/72). Calculate the greatest common divisor of 9 and q.
9
Let w = -35 - -70. Let r(p) = p**3 - 4*p**2 + p - 3. Let u be r(4). Let m be 1/(-3)*-39 + u. Calculate the greatest common factor of w and m.
7
Suppose 0 = 6*h - 10*h. Let u(p) = -p + 4. Let l be u(h). Calculate the greatest common factor of 4 and l.
4
Let r = 256 - 142. Calculate the greatest common factor of 38 and r.
38
Let y be -3 - -17 - 4/2. Suppose 0*i + y = i. Let r be (-72)/126 + 1184/14. What is the greatest common divisor of i and r?
12
Let v(q) = -q**2 + 6*q + 1. Let p be v(6). Let d be -5 - (0 - 1)*3. Let g be (1 - p) + (-70)/d. What is the greatest common factor of g and 14?
7
Suppose -3*i = -h + i + 91, 3*h - 3*i - 282 = 0. What is the highest common divisor of h and 19?
19
Let y(l) = l**3 + 8 - 2*l**3 + 5*l**2 + 0 + l. Let a be y(4). Calculate the greatest common factor of a and 14.
14
Let j be 9/4*4*2. Calculate the greatest common divisor of j and 9.
9
Let u(j) = -j**3 + 7*j**2 - 6*j - 2. Let v be u(5). Let p = -8 + 10. Suppose v = p*t + t. What is the greatest common factor of 60 and t?
6
Let s(d) = -d - 2*d + 4*d - 7. Let z be s(7). Suppose -3*k + 81 = 5*v - 2, 2*v - 3*k - 29 = z. What is the hi